List the prime factors of v(x).
3
Suppose 3*t - 4*q + 36 = -t, -1 = 4*t + 3*q. Let a(p) = -55*p. Let d be a(t). Suppose -44 = -2*m - z + 32, 5*m - d = 5*z. List the prime factors of m.
2, 5
Suppose 0 = -9*v + v + 12664. Suppose -12*s + v = -625. List the prime factors of s.
2, 23
Suppose 5*w - 1298 = 547. List the prime factors of w.
3, 41
Let v = 17 + -21. List the prime factors of (-4 - -31) + -1 + v.
2, 11
List the prime factors of (-2)/19 + 8628/19.
2, 227
Let v = -39 - -179. List the prime factors of v.
2, 5, 7
Let a(o) = 6*o**3 - 7*o**2 + 6*o - 5. Let k be a(5). Suppose k = 6*x - 402. List the prime factors of x.
167
Let j = -41 - -37. List the prime factors of 4/(-6)*(-6)/j*-18.
2, 3
Let h be (-30)/(15/(-3)) - 2. Suppose 3*t = 2*r - 161, -t = -h*t - 9. What are the prime factors of r?
2, 19
Let n(j) = -16*j - 9. Let z(o) = 32*o + 18. Let c(r) = 7*n(r) + 3*z(r). List the prime factors of c(-4).
5, 11
What are the prime factors of (-19 + 18)/((-1)/305)?
5, 61
Suppose 3*o - 12 - 39 = 0. Let q(u) = o*u**2 - 4 + 12*u - 13*u + 2. What are the prime factors of q(2)?
2
Let t be (-135)/(-117) + (-4)/26. Suppose t = r - 4. Suppose -2*v - 3*h = -6*v + 125, 3*h = -r*v + 136. What are the prime factors of v?
29
Let r = 19 + -81. Let n = 78 + r. What are the prime factors of n?
2
Suppose 3*k - 55 = 50. Let m be 546/k + 2/5. Let j = 1 + m. What are the prime factors of j?
17
Let q(w) = w + 1. Let i(k) = 6*k - 9. Let l(m) = i(m) - 4*q(m). Let j(o) = o - 7. Let r(f) = 11*j(f) - 6*l(f). List the prime factors of r(-4).
5
Suppose -5*w - h = -0*h + 26, 2*h = 4*w + 32. Let n(t) = -t**3 - 4*t**2 - 2*t**2 + t - 2*t + t**2 + 7. What are the prime factors of n(w)?
7
Let x(u) = 26*u - 192*u - 56*u + 7*u. List the prime factors of x(-1).
5, 43
Let o(y) = 3*y**3 + 4*y**2 + 9*y + 30. What are the prime factors of o(9)?
2, 3, 19, 23
Let u(c) = 213*c - 136. What are the prime factors of u(11)?
2207
Let k = -2011 - -4253. What are the prime factors of k?
2, 19, 59
Suppose -4*a + 2*a + 22 = 5*d, -5*a + 2*d + 113 = 0. Let v be (-4)/14 + 48/a. Suppose 4*b - v = -2*c + 54, 5*c - 126 = 4*b. What are the prime factors of c?
2, 13
Let v(c) be the third derivative of c**5/60 + c**4/4 - 8*c**3/3 + 5*c**2. List the prime factors of v(-12).
2, 7
Let r(i) = -5*i - 17. Let y be r(-12). Suppose 0 = -4*p - 15 + y. List the prime factors of p.
7
Suppose -t + 5*w = -775 + 171, -2*w = 3*t - 1880. What are the prime factors of t?
2, 3, 13
List the prime factors of 20/((-1485)/(-295) + -5).
2, 5, 59
Suppose -3*t = -k - 12, 2*t + 2*t = k + 17. Suppose 3*o - 62 = t*o. Let s = 52 + o. What are the prime factors of s?
3, 7
Let g be (-1)/(2*(-4)/32). Suppose 0*o = 4*o - g. Suppose -3*d + 5 = -o. List the prime factors of d.
2
Let d(h) = -h**3 - 4*h**2 + 16*h - 7. Suppose 44 = -2*w - 3*g + 16, -4*g - 40 = 3*w. List the prime factors of d(w).
11
Suppose -4*o = 3*n - 329, 2*n + 541 = 7*n + 3*o. Let x = n - 49. What are the prime factors of x?
2, 29
Let r = -35 + 37. What are the prime factors of (-220)/(-2) - (-5 + r)?
113
Let x(c) = -c**2 - 49*c + 4. What are the prime factors of x(-36)?
2, 59
Let g(t) = 2*t + 16. Let l = 28 + -24. Suppose -l*c - 8 + 36 = 0. List the prime factors of g(c).
2, 3, 5
Let d(j) = -j**3 + 14*j**2 - 4*j - 2. Let u be d(14). Let v = u + 157. List the prime factors of v.
3, 11
Let n = 190 - -14. Suppose 4*t + 2*b = 7*b + 756, 5*b + n = t. What are the prime factors of t?
2, 23
Suppose l - 9 = -2*l. Suppose -3*v + l = -6. What are the prime factors of v?
3
Suppose 0 = 3*k - 3*w - 1050, 0 = 3*k + 7*w - 4*w - 1038. List the prime factors of k.
2, 3, 29
Let h = -155 - -320. What are the prime factors of h?
3, 5, 11
Let k(j) = 20*j**3 + 2*j**2 + j. Let g be k(-1). Let r = -28 - g. List the prime factors of ((-12)/r - 2)*-12.
2
Suppose 0 = 67*h - 59*h - 5552. List the prime factors of h.
2, 347
Let q(b) = 2*b**3 - b - 5. Let w be q(-5). Let t = w + 451. What are the prime factors of t?
3, 67
Let a(c) = 3*c - 3. Let j(x) = -9*x + 9. Let q(y) = -8*a(y) - 3*j(y). Let l = 8 - 6. What are the prime factors of q(l)?
3
Let g(c) = c + 2. Let m be g(0). Let w(y) = 3*y**3 + 2*y**2 + 4*y - 10. Let z be w(2). Suppose 7*u - m*u - z = 0. List the prime factors of u.
2, 3
Suppose -2*m - 4*b - 22 = -0*m, 0 = 3*m - b - 2. Let q be (-1 - 8)*m - -3. Let p = 20 - q. List the prime factors of p.
2
Let o = -1 - -4. Suppose 0 = m + o*t + 2*t + 56, -186 = 4*m + t. Let w = -33 - m. List the prime factors of w.
13
Let f be 27/2 - 4/8. Let i(z) = 2 - 3 - z + 2*z + 4. List the prime factors of i(f).
2
Suppose 5*h + 83 = 293. List the prime factors of 3/21 + 2640/h.
3, 7
Suppose -5*v + 5 = -5. Let p = -90 - v. Let c = p + 142. List the prime factors of c.
2, 5
Let j(d) = -d**2 + 7*d - 2. Let w be j(3). Let r = 69 + w. Suppose 0*x = 3*x - b - 49, b = 5*x - r. What are the prime factors of x?
3, 5
Let c(a) = 3*a + 19. Suppose -16 = -2*j - 4*u, -2*j - 3*j = 2*u - 56. What are the prime factors of c(j)?
5, 11
Suppose -3*r + 2852 = 3*l - 559, -3*r = -l - 3411. What are the prime factors of r?
3, 379
Suppose -d - 3 = -t - 6*d, -4*d = -4*t + 84. Suppose -t*o + 292 = -17*o. What are the prime factors of o?
2, 73
Let u(r) = -2*r**2 + 7*r + 4. Let f be u(4). Suppose -t - 112 = -3*t - 4*i, t + i - 59 = f. List the prime factors of t.
2, 31
Let a(d) = d**3 - 8*d**2 - 9*d + 5. Let z be a(9). Suppose z*s + 0*j = -j + 154, -j + 94 = 3*s. List the prime factors of s.
2, 3, 5
Let s(w) = 2*w**2 - 3*w - 12. Let b(y) = -3*y - 5. Let u be b(0). List the prime factors of s(u).
53
Suppose 3*m = 5*h - 4306, -2 - 4 = -2*m. List the prime factors of h.
863
Suppose 5 = 3*b - 1. Suppose b*n - 1 = -u, -n - u + 2 = u. Suppose -5*y = -n*y - 55. List the prime factors of y.
11
Let b(y) = -2*y**2 + 17*y - 5. Let r be b(11). List the prime factors of (r/(-9) - 3)*6.
2, 11
List the prime factors of 4/((1 - 0)/46).
2, 23
Let h = -3 + 5. Let a(o) = 13*o - 1 - 2 + 0. What are the prime factors of a(h)?
23
Suppose -5*t + 1 = -4. Let a be (-1 - 0)/(t/(-6)). List the prime factors of (-66)/4*(-4)/a.
11
Let r(n) = -n - 6. Let w(o) = -2*o - 7. Let z(m) = -5*r(m) + 4*w(m). What are the prime factors of z(-4)?
2, 7
Suppose -8 - 9 = -2*r - 5*v, -7 = 5*r - 4*v. Let c be (-5*r)/((-3)/3). Suppose 0 = c*d - 10, -2*u + 98 = -0*u - 5*d. What are the prime factors of u?
2, 3
Let u = 46 - -203. Suppose u = -6*c + 1071. What are the prime factors of c?
137
Let y(m) = 68*m - 716. What are the prime factors of y(43)?
2, 3, 23
Let y be -2 + (-1 - 0) - (1 + 5). List the prime factors of (-6 + -60)/(y/6).
2, 11
Suppose -5*a = -2*o - 4*a + 895, 3*o - 4*a - 1330 = 0. Suppose 5*i - 15 = o. What are the prime factors of i?
3, 31
Let l(n) be the third derivative of -8*n**2 + 0*n - 13/6*n**3 + 0 - 1/60*n**5 + 5/6*n**4. List the prime factors of l(18).
23
Suppose -4*p + 4650 = 6*p. List the prime factors of p.
3, 5, 31
Suppose 2*t + 755 = 5*t - n, 3*t + 2*n - 740 = 0. Suppose 5*a - a = 3*o + t, 5*a + 5*o = 330. List the prime factors of a.
2
Suppose -35 = -4*c + 3*d, -3*c + 19 = 4*d + d. Let x be (-4)/(-6*c/36). Suppose 3*z = -0*z - x, -3*p + 5*z = -188. List the prime factors of p.
61
Let k(w) = w**3 + 10*w**2 + 9*w + 4. Let z be k(-9). Suppose -2*j - z*f = 6, 5*f = -4*j - 0*j - 3. Suppose -2*n - 67 = -j*n. List the prime factors of n.
67
Let o be (-9 - -10)*(1 - -3). Let b(a) = 6*a**2 - 6*a. List the prime factors of b(o).
2, 3
Let h = 12 - 5. Let i be (-4)/(-6)*(30 + -27). Suppose -i*q + 4*w + 50 = 0, 2 = 5*w + h. List the prime factors of q.
23
Suppose 0 = 6*w - 12*w - 180. What are the prime factors of 1640/w*(-3)/2?
2, 41
Let k = -633 - -1309. List the prime factors of k.
2, 13
Suppose -4*b + 9022 = -4622. List the prime factors of b.
3, 379
Suppose -s = 3*m - 7, -5*m - 3 = 3*s - 12. Suppose 2*g = 2*b - 0*b - 252, m*b - 390 = -g. List the prime factors of b.
3, 43
Let a be (185 + -5)*2/4. What are the prime factors of ((-10)/25)/((-2)/a)?
2, 3
Let r = 27 - 31. List the prime factors of 60 + 12/(-4) + r.
53
Suppose 81*j + 1383 = 84*j. List the prime factors of j.
461
Suppose 0 = -2*l + 5 + 7. Suppose 0*j + j - l = 0. Let z = j + -2. What are the prime factors of z?
2
Let q(k) = 0*k**2 + 8*k**2 - 2*k + 0 + 4*k + 1. What are the prime factors of q(-3)?
67
Let w 